et w be (16/12)/(4/498). Suppose -5*i + w = -324. What is the units digit of i?
8
Suppose -783 = -4*r + 3*q, q - 365 = -3*r + 219. Suppose -4*d = -9*d + r. Let b = -21 + d. What is the units digit of b?
8
Let i = -32 + 23. Let o be ((-9)/6 - 0)/(1/12). Let t = i - o. What is the units digit of t?
9
Let u be ((-3)/6)/(1/(-162)). Suppose u + 27 = 3*n. What is the units digit of n?
6
Suppose 6108 = 3*h - 3*j, 3*j - 446 - 3636 = -2*h. What is the units digit of h?
8
Let j(f) = 17*f - 30. What is the units digit of j(5)?
5
Let f be (2 - 2 - 2) + 93. Suppose -2*g + 5*v + f = 0, 5*g - 5*v - 235 = -0*v. What is the tens digit of g?
4
Suppose 3*l - 8*n - 181 = -7*n, 2*l - 102 = -4*n. What is the tens digit of l?
5
Let l = -4835 + 7173. What is the hundreds digit of l?
3
Let a = -28 - -30. Let t be (-2)/a - (-7 - -6). Suppose t*z + 26 = z. What is the units digit of z?
6
Let q be -2 - 1 - (-4 + 1). Suppose -4*r - 36 + 164 = q. What is the tens digit of r?
3
Let r(z) = 2*z**2 + z - 6. Let n be (42/(-8) - -5) + 15/(-4). What is the tens digit of r(n)?
2
Let b(x) = -x**3 + 10*x**2 + 9*x + 2. What is the hundreds digit of b(8)?
2
Let r(v) = 1 + 2 - 35*v**2 + 49*v**2 - 13*v - 4*v**3. Let j(x) = 3*x**3 - 15*x**2 + 14*x - 4. Let l(c) = -3*j(c) - 2*r(c). What is the units digit of l(16)?
6
Let q = -7 - -4. Let c = -39 + 41. Let z = c - q. What is the units digit of z?
5
Let x = 9 - 8. What is the units digit of (x - 2 - (-177)/6)*2?
7
Let f(h) = -2*h**2 + 7*h + 2. Let g be f(4). What is the tens digit of 395/9 - g/18?
4
Let d(n) = 131*n**2 + 61*n - 223. What is the units digit of d(4)?
7
Let z = -79 + 69. What is the tens digit of ((-16)/z)/(1/40) - 2?
6
Let k(j) = j**3 - 4*j**2 - 3*j + 2. Let s(l) = 5*l**3 + l**2 + 2*l - 2. Let a be s(1). What is the units digit of k(a)?
6
What is the tens digit of ((-1528)/(-2))/((-7)/(168/(-16)))?
4
What is the units digit of 12 - (-2)/((-26)/(-5135))?
7
Suppose -96 - 99 = -t. What is the units digit of t?
5
Let r = 16 + -13. Suppose -r*g + 4*h + 172 = 0, 5*h = 3*g + 4*h - 160. What is the units digit of g?
2
Let h(t) = -263*t - 181. What is the thousands digit of h(-6)?
1
Let g = -556 - -4073. What is the thousands digit of g?
3
Let g(f) = 2*f**3 + 12*f**2 + 12*f - 3. Let s(k) = -k**2 - 1. Let b(v) = -g(v) - 4*s(v). What is the units digit of b(-6)?
3
Suppose 3*s = 2*g - 522, -2*s = 4*g + 3*s - 1044. Suppose 0 = -3*j - 5*x + g, 2*j - x + 3*x - 178 = 0. What is the units digit of j?
2
Let r(t) = 2*t - 4. Let f be r(-1). What is the units digit of (f/(-2))/(2/4)?
6
Suppose 3*y + 7*p = 5*p + 713, 0 = y - 4*p - 233. What is the hundreds digit of y?
2
What is the units digit of ((-178)/(-4))/((-4)/(-56))?
3
What is the units digit of 1616/(-6)*(1 + 25/(-10))?
4
Let d(o) = -5*o**2 - 8*o - 4. Let s(n) = 21*n**2 + 32*n + 16. Let l(m) = -9*d(m) - 2*s(m). What is the units digit of l(-3)?
7
Let g = 1245 + -105. Suppose 0*h - 6*h + g = 0. What is the hundreds digit of h?
1
Suppose -y + 2473 = -2356. What is the hundreds digit of y?
8
Let s(d) = -2*d + d**2 - 3 + 1 - d**3 - 1. Let b(m) = m + 15. Let u be b(-18). What is the units digit of s(u)?
9
Let j = 14 - 11. Suppose j*d = -d - 56. What is the units digit of (-6 - d) + -2 + -1?
5
Suppose -65556 = -31*i - 11988. What is the tens digit of i?
2
Suppose 4*w - 1984 = -0*w - 2*t, -3*w = 2*t - 1490. What is the units digit of w?
4
Suppose 0 = -8*f + 3*f + 3*y - 9, -4*f + 4*y = 12. Let u = 105 + -101. Suppose -n = p - 0*n - 19, f = u*p - 4*n - 108. What is the units digit of p?
3
Let v be ((-3392)/6)/(-2) + (-38)/57. Let o = -179 + v. What is the tens digit of o?
0
Let r be (3 - (-3)/(-3)) + 2. Let m(x) = -x - 4. Let g be m(-7). Suppose -g - 5 = -r*p. What is the units digit of p?
2
Let f = 90 - 168. Let v = f - -134. What is the tens digit of v?
5
Suppose 0*n = -9*n - 36. Suppose -24 = -5*x + 21. What is the units digit of 96/x*(-6)/n?
6
Let g(o) = 23*o**2 + 4*o + 91. What is the units digit of g(-7)?
0
Let j be 2/(-5) - (-221)/65. Suppose -2*g = -5*b - 570 + 179, 583 = j*g - 4*b. What is the hundreds digit of g?
1
Suppose 0*h = -4*h + 216. Suppose 12 = -3*u - h. Let y = u + 43. What is the tens digit of y?
2
Suppose -41*c = -58*c + 17986. What is the units digit of c?
8
Let y = 22 + -17. Suppose y*b - 156 = -4*k + 217, 0 = 4*b - 4. What is the units digit of k?
2
Suppose 3*y - 8019 + 943 = d, -4*y + 9413 = 3*d. What is the tens digit of y?
5
Suppose -9*p - 259 + 6973 = 0. What is the hundreds digit of p?
7
Let t = 288 + 2089. What is the tens digit of t?
7
Suppose -912 = -0*l - 6*l. Suppose 61 - l = -m. What is the tens digit of m?
9
Suppose 2*r = -2*r + 24. Let y be r/5*(-70)/(-21). Suppose -5 + 77 = y*q. What is the tens digit of q?
1
Let a = 4 + -4. Suppose -3*m - 2*m + 235 = a. Let g = -28 + m. What is the tens digit of g?
1
Let t = -14 - -439. What is the tens digit of t?
2
Let w(q) = 22*q + 22*q - 12 - 41*q. Let l be w(5). Suppose -5*n - 72 = -y, 5*y - 240 = l*n - 2*n. What is the tens digit of y?
4
Let n(m) = -m**3 - 20*m**2 - 14*m - 457. What is the tens digit of n(-23)?
5
Let d = -288 + 389. What is the tens digit of d?
0
Let m be 36/6 - 2*2. Suppose -5*u = -15, -2*u - 1 = -m*k + 3. What is the units digit of k?
5
Let q(k) = 4*k + 12. Let p be q(-11). Let s = p - -116. What is the units digit of s?
4
Let x = 216 - 53. Let w = -114 + x. What is the tens digit of w?
4
Suppose 5*a - 2 - 45 = -3*b, 3*b = -3*a + 39. Let y = b + 10. What is the tens digit of y?
1
Let d(i) = -i**3 + 19*i**2 + 6*i + 6. Let h be d(19). Let w = -45 + h. What is the tens digit of w?
7
Suppose 0 = -5*z + 4*x + 1 + 2, -5*x = 2*z + 12. What is the tens digit of (-1)/z*24*8/4?
4
Let k = -2370 + 4064. What is the tens digit of k?
9
Let o be -6*(2 + 10/(-4)). Let h be 11 - o/6*0. Let r(f) = f**2 - 11*f + 10. What is the tens digit of r(h)?
1
Suppose 0 = -64*t + 66*t - 242. What is the hundreds digit of t?
1
Let s(q) = 2*q**2 - 19*q + 13. Let f be s(8). Let h(z) = 0*z + 5*z - 6*z - 7. What is the units digit of h(f)?
4
Let t(l) = -l**2 - 4*l + 23. Let h be t(-7). Suppose 24 = b - h*j, b + 32 = 4*b + 4*j. What is the tens digit of b?
1
Let u(w) be the second derivative of 5*w**4/12 + w**3/6 - 3*w. Let l be u(-1). Suppose l*c = 2*h + 22, 2*c + 2*h + 1 = -c. What is the units digit of c?
3
What is the units digit of (-10575)/(-20) + 6/24?
9
What is the hundreds digit of -3*3/(-45) + (-13311)/(-45)?
2
Suppose 0 = 3*r - 58*r + 22605. What is the units digit of r?
1
Let x = -16 - -18. Suppose -3*m + 45 + 17 = f, 2*m = -x*f + 44. What is the tens digit of m?
2
Let f = -19 + 19. What is the hundreds digit of -2 - (-136 + f/1)?
1
Let f(m) = 3*m + 16 - 4*m + 2*m. What is the tens digit of f(0)?
1
Let p = -6 - -13. Suppose 0 = p*k - 2*k - 470. Let f = k - 58. What is the tens digit of f?
3
Suppose 3*m = 9, -4*m - 2145 = 17*p - 20*p. What is the hundreds digit of p?
7
Let b(r) = -2*r - 4. Let n be (35/(-14))/(2/4). Let c be b(n). Let x = c + 36. What is the tens digit of x?
4
Let g(n) = 3*n**2 - 8*n - 8. Let k be (-64)/(-608) + (-78)/19. What is the tens digit of g(k)?
7
Let k be (-6)/(-12) - (-30)/4. Let w = k - 4. Suppose w*d - m - 34 = -3*m, 2 = -2*m. What is the units digit of d?
9
Let u be -2*2/(-8)*42. Let w = -21 + u. Suppose 0 = 3*y - 5*k - 22 - 90, -5*k - 25 = w. What is the units digit of y?
9
Let f be -1 - 4/(-4)*1. Suppose -5*j - o + f*o + 541 = 0, 5 = 5*o. Suppose 16 = -4*d + j. What is the units digit of d?
3
Let y(a) = -9*a**3 - a**2 + a + 1. Let w be y(-1). Suppose -10*j = -w*j - 312. What is the tens digit of j?
5
Suppose 0 = -x - 12*h + 8*h + 445, -2*h - 1363 = -3*x. What is the tens digit of x?
5
Suppose 4*k = 16, h + 16*k = 15*k + 4189. What is the tens digit of h?
8
Let z = 459 - 454. What is the units digit of z?
5
What is the units digit of (-93)/2*(28 - 30)?
3
Suppose 2*s - 8234 = -5*v, s + 4*v - 3*v = 4123. What is the tens digit of s?
2
Suppose -r - 7 = -0*r - 4*b, -5*r = -4*b - 13. Suppose -8*a = -r*a - 504. What is the units digit of a?
8
Suppose -2*k + 364 = -0*k. Let m = k + -150. What is the tens digit of m?
3
Let t = -195 + 327. Let f = -89 + t. What is the tens digit of f?
4
Let r(h) = -2*h + 16. Let c be r(-4). Let j = c - -29. What is the units digit of j?
3
Let f(j) = 4*j + 17. Let l 